103 + 6/1*(-11)/22. What is the remainder when h(-1) is divided by 6 + (-34)/8 + (-75)/a?
0
Let n(z) = 842*z - 581. What is the remainder when 507 is divided by n(1)?
246
Let p = -228692 + 228789. Calculate the remainder when p is divided by (-458)/(-14) - 4/(-14).
31
Let y = 5058 - 5048. Calculate the remainder when 858 is divided by y.
8
Suppose -7*c + 6*c - 5*w + 503 = 0, 4*w + 2718 = 5*c. What is the remainder when c is divided by 316?
222
Let x(o) = -48*o + 7*o + 5 + o**3 + 3*o**2 + 0*o**3 + 15*o**2 - 24. Calculate the remainder when x(-20) is divided by 1.
0
Suppose -4*b - 4*m = -64, 22*b - 27*b - 2*m = -95. What is the remainder when 2432 is divided by b?
17
Suppose 0 = -6*v - 11 + 23. Suppose -6 = 2*p - 4*z - 38, v*z + 22 = 2*p. What is the remainder when 256 is divided by p?
4
Let u(i) be the first derivative of -1/4*i**4 + 15 - 5*i - i**3 - 2*i**2. Calculate the remainder when 52 is divided by u(-3).
3
Let g = 63 + -14. Suppose -19*b + 145 = -18*b. What is the remainder when b is divided by g?
47
Let s = 407 - 402. What is the remainder when 777 is divided by s?
2
Let i(y) = 3*y + 5. Let p(b) = -5*b - 8. Let v(t) = 8*i(t) + 5*p(t). What is the remainder when 22 - (435/(-58) - 6/(-4)) is divided by v(-6)?
4
Let a be 126/30 - 2/10. Suppose 5*x = -f + 651, -a*x + 5*x - 4*f - 126 = 0. Let o(w) = 5*w - 2. Calculate the remainder when x is divided by o(7).
31
Let o(n) = -n**3 - 10*n**2 - 25*n + 14. What is the remainder when 650 is divided by o(-7)?
20
Let n be 18/(((-36)/(-128))/3). Suppose -n = -22*z - 2*z. What is the remainder when 150 is divided by z?
6
Let b(m) = m**3 + m**2 - 2*m + 2. Let v be -8 + 12 + -4 + (0 - -2). What is the remainder when b(4) is divided by v - -23 - 1 - (11 - 6)?
17
Suppose -2*j + 2*x - 6 = -2, 0 = 3*j - 2*x + 3. What is the remainder when 19 is divided by j/(-5 - ((-267)/33 + 3))?
8
Let v = 22468 - 22346. What is the remainder when v is divided by 77?
45
Suppose 34*n + 52133 = 25*n + 46*n. What is the remainder when n is divided by 17?
15
Calculate the remainder when (27864/(-96))/((-12)/16) is divided by 97.
96
Suppose -25*i + 98*i = -51465. Let x = i + 746. Let p = 16 + -2. Calculate the remainder when x is divided by p.
13
What is the remainder when 3/((-9)/3) - -123 is divided by (-17 - -21) + (543/15 - 20/(-25))?
40
Suppose -1042 = 303*r - 83*r - 49442. What is the remainder when r is divided by 37?
35
Let u(b) = -570 - 5*b - 2*b + 559. Let q be u(-8). Suppose -13*y + 10*y = -q. Calculate the remainder when y is divided by 6.
3
Let k = -3472 - -3810. What is the remainder when k is divided by 55?
8
What is the remainder when 10*-4*((-75)/6)/1 is divided by 132?
104
Let j be (-2)/(-6) + (3 - 330/(-9)). Let t = j + -36. Suppose 2*d + t*d = 72. Calculate the remainder when 20 is divided by d.
8
Suppose 21*s - 1 = 41. Suppose -5*o + 78 = s*a, 31*a = -3*o + 28*a + 45. Calculate the remainder when 42 is divided by o.
10
Let j(l) = -l**3 - 4*l**2 + 3*l + 3. Let y be j(5). Let n = 495 - 866. Let h = y - n. What is the remainder when h is divided by 33?
32
Let f = 160 - 170. What is the remainder when 78 is divided by ((-1)/4 + 1)/(f/(-40))?
0
Suppose 53*u - 52*u + 110 = 0. Calculate the remainder when 2 - (66/u - 1784/10) is divided by 46.
43
Let k(t) = 3*t**2 - 2*t + 4. Suppose 7*b = 24 + 4. Suppose -25 = x - b*q, 2*q = 5*x - 3*q + 50. Calculate the remainder when k(x) is divided by 23.
20
Suppose -6*k = 3*i - k + 11, 3*i = 5*k - 31. Let n = i - -10. Let m(a) = a**2 + 4*a - 6. What is the remainder when 74 is divided by m(n)?
14
Suppose -53*l + 659 + 83 = 0. What is the remainder when 637 is divided by l?
7
Let i = 271 - 270. Calculate the remainder when 78 is divided by (i + 1)/((-12)/(-30)).
3
Suppose 5*q - 20 = -0. Suppose 2*s = -4*z + 600, -3*z - q*s = -5*z + 290. What is the remainder when z is divided by 17?
13
Let a(p) = 3*p**2 - 45*p - 69. Calculate the remainder when a(20) is divided by 49.
35
Calculate the remainder when 1602/((-84)/(-14)) + -5*1 is divided by 106.
50
Suppose -2*u = -q - 46 - 5, -125 = -5*u + 5*q. Let t be 21 + (-3 - -1)*-1. Let b = t - 14. What is the remainder when u is divided by b?
8
Let d = -10068 + 10185. Calculate the remainder when 1538 is divided by d.
17
Let u = 1442 - 678. Calculate the remainder when u is divided by 59.
56
Let a be (2 - (-8)/(-6))/(6/36). Suppose 3*g + 14 = f, -6*f = -8*f + a*g + 30. What is the remainder when 67 is divided by f?
16
Let i(c) = c**2 - 6*c. Let d(v) = 2*v**2 - 7*v - 1. Let q = 39 + -45. Let m(k) = q*i(k) + 4*d(k). What is the remainder when 117 is divided by m(-6)?
17
What is the remainder when (-67 - -5)*(-7)/(-14)*-5 is divided by 11?
1
Suppose 2*g = 3*g + 5*r - 13, -3*r = 3*g - 39. Suppose -6*o - 21 = -g*o. Calculate the remainder when 46 - (4 - (o - -4)) is divided by 18.
13
Let n = 17 + -12. Suppose 4*y = n*a - 197, 3*a - 148 + 34 = y. What is the remainder when a is divided by -3*168/198*572/(-104)?
9
Suppose 9*q - 35 - 27 = -8. What is the remainder when 442 is divided by q?
4
Let d be (-8)/10 - (5 + 196/(-20)). Suppose d*c = -3*j + 2*j + 33, -c - 66 = -2*j. What is the remainder when j is divided by 4?
1
Suppose -2336*a + 2436*a = 8700. Calculate the remainder when 1885 is divided by a.
58
Let h(z) = -z**2 + 8*z - 7. Let x be h(6). Suppose t + 0*t = -x, -112 = -n - 2*t. Let l = 217 - n. What is the remainder when l is divided by 25?
20
Let c = 1127 + -948. What is the remainder when c is divided by 175?
4
Let d(w) = -2*w**2 - 9*w + 8. Let j be d(-5). Let t(v) = 37 - 3*v - 24 + j*v**3 - 2*v**3. What is the remainder when t(0) is divided by 4?
1
Let x be (5 + 2)/(3/3). Suppose -u + 4*k = x*k + 2, -2*k + 16 = 2*u. Calculate the remainder when 154 is divided by u.
11
What is the remainder when 49*209/133*1/1 is divided by 29?
19
Suppose 2*p = 4*j - 12, -3*p + 2 = -4*j + 12. Suppose -v + 4 = 0, 4*v - 11 = 3*c - j. Calculate the remainder when 32 is divided by c.
2
Suppose 4*h + 55 = -4*z + 711, -5*h - 4*z = -814. What is the remainder when 587 is divided by h?
113
Suppose -3*b = 10*b - 41886. Suppose -24*k = -b + 894. Calculate the remainder when k is divided by 35.
27
What is the remainder when 440 is divided by 155/279*417 - 2/(-6)?
208
Suppose 13*d - 1040 = 26*d. What is the remainder when 96 is divided by 40/d*22/(-1)?
8
Let f be 1/(-4) + (-4)/(32/(-282)). Suppose 245*c + f = 252*c. Calculate the remainder when 24 is divided by c.
4
Let w(r) = 6*r**3 + 3*r**2 + r + 1. Let x be 6/(-21) + 540/(-21). Calculate the remainder when w(2) is divided by (x + 0)/(-4 + 2).
11
Calculate the remainder when (-20568)/(-168) + (40/(-35))/(-2) is divided by ((-2)/(-6))/((-1)/(-51)).
4
Suppose 48 = -5*v + 18. Let g(n) = 17*n - 6. Let x be g(v). Calculate the remainder when 30 is divided by x/(-14) - (-4)/14.
6
Suppose 0*d = 3*i - d - 110, -30 = -i + 2*d. Let a(m) = -771*m - 760. Calculate the remainder when i is divided by a(-1).
5
Let q = -121 + 133. What is the remainder when (-12)/(-10)*1100/30 is divided by q?
8
Let j = 227035 + -227019. Let s = 71 - 51. Calculate the remainder when s is divided by j.
4
Let t(o) = o**3 + 5*o**2 + 2*o + 12. Let u be t(-4). Let w(b) = b**3 - 20*b**2 + 9*b + 23. What is the remainder when w(u) is divided by 51?
50
Let j be 6 + -2 + (-1)/(3/12). Suppose -5022 = -9*z - j*z. What is the remainder when z is divided by 56?
54
Let w = -13 + 90. Calculate the remainder when 1298/14 - (-22)/w is divided by ((-112)/(-35))/(2/10).
13
Let o(y) = 100*y + 2202. Calculate the remainder when 27469 is divided by o(-20).
199
Suppose 1408 = 112*f + 512. Suppose -3*k - 4*u = k - 120, 0 = 2*k + 5*u - 57. What is the remainder when k is divided by f?
7
Calculate the remainder when ((-84)/(-56))/(((-2)/(-52340))/(2/15)) is divided by 11.
9
Let q(t) = 4*t + 6*t**2 - 38*t - 9*t**2 - 27. Calculate the remainder when 67 is divided by q(-9).
31
Suppose 2*f = -12 + 4, 4*p + f = -868. Let u = p + 230. Calculate the remainder when 45 is divided by u.
3
What is the remainder when 2*8307 + -9*(-112)/144 is divided by 34?
29
Let b(a) = 759*a + 13010. What is the remainder when 666 is divided by b(-17)?
24
Suppose w + 2*j = 497, -5*j = -3*w - 9*j + 1481. What is the remainder when w is divided by 158?
13
Let n(h) = -20*h - 8. Let p = -1706 + 182